. Calculate i(-7).
2
Let s(g) = 2*g**2 + 9*g - 39. Determine s(4).
29
Let c(a) = 2*a**2 - 8*a - 4. What is c(6)?
20
Let a(d) = -5*d - 39. Calculate a(-9).
6
Let r(l) = 6*l + 2. Give r(-1).
-4
Let l(n) = 2*n**3 - 4*n - 3. Give l(4).
109
Let g(o) = -o**2 + 21*o + 9. Calculate g(20).
29
Let u(k) = k**2 - 8*k + 5. Calculate u(8).
5
Let i(g) = -7*g**2 + 1. Give i(1).
-6
Let r(d) = -d**2 - 9*d - 19. Determine r(-8).
-11
Let n(a) = a**2 - 13*a + 19. Calculate n(11).
-3
Let a(n) = -4*n. Give a(0).
0
Let r(m) = -3*m + 17. Calculate r(-15).
62
Let c(o) = -o**3 - 18*o**2 + 19*o - 13. Calculate c(-19).
-13
Let r(n) = 27*n + 287. Give r(-11).
-10
Let m(u) = 5*u - 1. Calculate m(2).
9
Let z(t) = -t**3 - 7*t**2 + 3*t + 3. Calculate z(-8).
43
Let j(c) = -c**3 - 7*c**2 + 3*c + 5. Calculate j(-6).
-49
Let u(v) = v**2 - 26*v + 44. Give u(23).
-25
Let a(v) = v**2 + 11*v - 13. Determine a(-11).
-13
Let u(d) = 11*d - 43. Determine u(4).
1
Let q(t) = -11*t**3 - 4*t**2 - 4*t + 2. Determine q(-2).
82
Let r(f) = 17*f**2 - 55*f. What is r(3)?
-12
Let v(o) = o**2 + 9*o - 1. What is v(-5)?
-21
Let y(i) = -3*i + 7. Give y(17).
-44
Let l(d) = -8*d - 55. Determine l(-7).
1
Let x(p) = 20*p**3 - p - 1. Calculate x(-1).
-20
Let p(q) = -2*q**3 + 13*q**2 + 6*q + 6. Calculate p(7).
-1
Let h(c) = -c**2 + 7*c - 23. Determine h(10).
-53
Let m(x) = x**2 - 34*x - 79. Give m(36).
-7
Let p(x) = -x**3 + 19*x**2 - 32*x - 22. Determine p(17).
12
Let m(l) = -8*l**2 + 6*l - 11. Determine m(3).
-65
Let c(m) = m**3 - 3*m**2 - m + 3. What is c(4)?
15
Let q(p) = -17*p - 4. What is q(2)?
-38
Let y(k) = 5*k + 2. Calculate y(-1).
-3
Let g(a) = a**3 - 5*a**2 + 43*a - 156. What is g(4)?
0
Let a(z) = z**3 - z**2 + z + 1. What is a(0)?
1
Let v(n) = 2*n**3 - 7*n + 12. Calculate v(-3).
-21
Let k(t) = t**2 + 17*t + 3. Calculate k(-14).
-39
Let v(q) = q**3 + 15*q**2 - 19*q + 12. Calculate v(-16).
60
Let w(h) = h**3 + 3*h**2 - 10*h - 15. Calculate w(-5).
-15
Let f(p) = -8*p + 13. What is f(7)?
-43
Let q(p) = -9*p - 186. Calculate q(-21).
3
Let y(a) = -4*a - 6. Determine y(-5).
14
Let h(x) = x**2 + 4*x - 11. Determine h(-8).
21
Let u(z) = -24*z + 25. What is u(10)?
-215
Let f(a) = -a - 4. Give f(-11).
7
Let k(b) = 89*b - 1684. Calculate k(19).
7
Let x(i) = -7*i. What is x(-6)?
42
Let c(a) = a**3 + 17*a**2 + 17*a + 6. Calculate c(-16).
-10
Let r(f) = 3*f - 15. Give r(5).
0
Let u(m) = m**3 - 22*m**2 - 7. Give u(22).
-7
Let q(z) = -15*z - 2. Give q(0).
-2
Let t(v) = 2*v - 42. What is t(20)?
-2
Let y(r) = r**2 + 4*r - 3. Give y(-7).
18
Let l(r) = 4*r**2 - 52*r - 1. What is l(13)?
-1
Let y(h) = -7*h**2 + 4*h + 1. Give y(4).
-95
Let a(u) = -6*u - 39. What is a(-8)?
9
Let x(w) = w**3 - 9*w**2 - w - 1. Calculate x(9).
-10
Let z(y) = -4*y**2 + 81*y - 40. Give z(20).
-20
Let g(p) = 6*p. Calculate g(-1).
-6
Let f(z) = z - 11. Determine f(-5).
-16
Let l(a) = -4*a**2 + 2*a - 2. Calculate l(1).
-4
Let j(d) = d**3 - 46*d**2 + 81*d + 312. Give j(44).
4
Let i(m) = -2*m**3 + 10*m**2 - 11*m + 5. Determine i(4).
-7
Let b(j) = j**2 + 9*j - 1. Calculate b(-7).
-15
Let t(g) = 15*g**3 + 2*g**2 + 3*g + 2. What is t(-1)?
-14
Let h(a) = -a**3 + 4*a**2 + a + 1. Calculate h(5).
-19
Let l(p) = p**2 + 14*p - 56. What is l(-16)?
-24
Let v(g) = 11*g - 21. Calculate v(14).
133
Let w(z) = -z**3 - 11*z**2 + 2*z - 7. Calculate w(-11).
-29
Let d(b) = -b**3 + 4*b**2 - b - 6. Determine d(4).
-10
Let s(l) = -l**3 - l**2 + l - 61. Determine s(0).
-61
Let z(m) = 2*m**3 + 23*m**2 - 38*m + 2. Calculate z(-13).
-11
Let c(r) = -5*r**2 - 19*r - 4. What is c(-4)?
-8
Let g(h) = 14*h + 2. Determine g(-4).
-54
Let x(m) = m**3 + 4*m**2 - 5*m - 6. Calculate x(-4).
14
Let q(o) = 10*o**2 - 6*o - 6. Give q(-1).
10
Let o(i) = -i**3 - 13*i**2 - 21*i + 10. Give o(-11).
-1
Let s(h) = 5*h - 55. Calculate s(19).
40
Let i(g) = 28*g + 315. Calculate i(-11).
7
Let a(l) = l**3 - 12*l**2 - 11*l - 24. Calculate a(13).
2
Let g(z) = z**2 + 6*z + 1. Calculate g(-4).
-7
Let f(z) = 15*z**3 - 2*z**2 - 2*z - 1. What is f(-1)?
-16
Let x(y) = y + 19. Determine x(0).
19
Let g(b) = -b**3 - 7*b**2 - 4*b + 2. Determine g(-4).
-30
Let t(x) = 7*x - 28. Determine t(3).
-7
Let r(t) = -t**3 + 12*t**2 - 9*t - 23. What is r(11)?
-1
Let t(a) = -a**3 - 24*a**2 - 43*a + 33. Give t(-22).
11
Let u(n) = n**2 + n - 3. Calculate u(6).
39
Let m(t) = t - 5. Calculate m(1).
-4
Let i(z) = -2*z**3 + 6*z + 2. What is i(-2)?
6
Let f(q) = -q**2 - 6*q + 19. Calculate f(-9).
-8
Let t(p) = -10*p - 4. What is t(-3)?
26
Let a(c) = -c**3 - c**2 + c - 1. Calculate a(0).
-1
Let l(h) = -h**2 - h + 3. Calculate l(12).
-153
Let x(s) = -s**3 - 10*s**2 + 11*s + 8. Calculate x(-11).
8
Let y(s) = s**2 - 4*s - 13. Give y(-2).
-1
Let c(l) = -2*l - 8. Calculate c(6).
-20
Let b(t) = 55*t + 705. Calculate b(-13).
-10
Let u(v) = v - 2. Determine u(19).
17
Let a(g) = g**3 - 7*g**2 - g + 9. Give a(7).
2
Let s(a) = 4*a**3 - 15*a**2 - 10*a + 21. What is s(4)?
-3
Let d(c) = c**3 + 7*c**2 + 18*c + 39. Give d(-5).
-1
Let c(l) = -l**2 - 33*l - 187. Determine c(-26).
-5
Let m(t) = -3*t - 14. Determine m(13).
-53
Let r(k) = 4*k**3 - k + 2. Give r(1).
5
Let y(x) = x**2 - 12*x - 16. Calculate y(10).
-36
Let n(y) = y**2 + 6*y - 7. Determine n(-7).
0
Let a(g) = -2*g**3 + 2*g**2 - 2*g + 2. What is a(2)?
-10
Let y(p) = -3*p + 2. Give y(-3).
11
Let h(r) = r**2 + 34*r - 199. What is h(-39)?
-4
Let h(r) = 2*r**2 - 3*r - 10. Calculate h(0).
-10
Let r(p) = 2*p**2 + 16*p + 40. Give r(-5).
10
Let s(x) = -x**3 + 22*x**2 - 39*x - 19. Calculate s(20).
1
Let u(f) = 21*f - 11. Calculate u(1).
10
Let h(v) = -13*v**3 + v**2 + v. Determine h(-2).
106
Let s(w) = w**3 - 11*w**2 - 17*w + 4. Calculate s(12).
-56
Let n(g) = 2*g**3 - 2*g**2 - 3*g - 3. Give n(-2).
-21
Let z(h) = -h**3 - 19*h**2 + 3*h + 30. Calculate z(-19).
-27
Let g(y) = y**3 + 8*y**2 + 2*y + 3. What is g(-8)?
-13
Let h(x) = x**2 - 26*x + 36. Give h(25).
11
Let f(n) = n**3 + 17*n**2 + 16*n - 16. Calculate f(-16).
-16
Let v(m) = m**2 - 9. Give v(5).
16
Let w(b) = -2*b**3 - 18*b**2 + 11. Determine w(-9).
11
Let k(j) = -j**2 - j + 4. Calculate k(2).
-2
Let f(y) = -y**3 + 3*y + 3. Calculate f(3).
-15
Let i(o) = -5*o + 144. Give i(29).
-1
Let w(i) = -i**3 - 34*i**2 + 34*i - 44. Determine w(-35).
-9
Let q(y) = 13*y - 4. Give q(-3).
-43
Let i(y) = -9*y + 151. Give i(16).
7
Let r(y) = 2*y**2 - 8*y - 37. Determine r(7).
5
Let r(v) = -5*v**2 + 41*v + 7. Calculate r(8).
15
Let q(p) = p**3 + 16*p**2 - 12*p - 191. What is q(-16)?
1
Let q(b) = b**3 - 9*b**2 + 6*b - 7. Determine q(7).
-63
Let c(o) = -31*o - 4. Calculate c(-2).
58
Let b(a) = 16*a + 18. Calculate b(-1).
2
Let l(u) = u**3 - 6*u**2 + 2*u - 7. What is l(4)?
-31
Let s(m) = 6*m + 2. Calculate s(-7).
-40
Let d(b) = -2*b - 19. What is d(-8)?
-3
Let m(b) = -39*b**3 + 2*b**2 - 2*b - 1. Determine m(-1).
42
Let o(x) = -x**3 - 11*x**2 - 9*x + 31. Calculate o(-9).
-50
Let b(i) = 10*i + 33. Give b(-3).
3
Let z(t) = -t**3 - 3*t**2 + 2*t - 4. Calculate z(-3).
-10
Let l(j) = 5*j - 43. Give l(9).
2
Let h(r) = r**3 - 6*r**2 + 4*r + 3. Give h(4).
-13
Let a(d) = -d**3 - d**2 + 4*d - 2. Determine a(-4).
30
Let u(s) = s**3 + 12*s**2 + 3*s - 8. Give u(-12).
-44
Let c(s) = -s**3 + 13*s**2 - 38*s + 16. Give c(9).
-2
Let o(a) = 3*a**2 - 8*a + 3. Determine o(3).
6
Let k(x) = 4*x + 3. Give k(-13).
-49
Let t(v) = -7*v - 14. Determine t(-7).
35
Let s(a) = 39*a - 21. Give s(-4).
-177
Let z(i) = 3*i + 1. Give z(0).
1
Let o(l) = -2*l - 33. Give o(-12).
-9
Let a(t) = -t**3 - 11*t**2 - 11*t - 7. Give a(-10).
3
Let u(y) = -7*y**2 + 1. What is u(1)?
-6
Let m(n) = -n + 2. What is m(11)?
-9
Let m(n) = n**2 + 14*n - 3. Give m(-11).
-36
Let q(f) = -f**2 + 21*f - 29. Give q(19).
9
Let b(n) = n**2 + 47*n + 339. Determine b(-38).
-3
Let g(l) = -5*l**2 + 27*l + 16. Give g(6).
-2
Let f(t) = -4*t + 9. What is f(3)?
-3
Let r(q) = -q**2 + 12*q - 23. Give r(8).
9
Let b(l) = -15*l + 17. What is b(6)?
-73
Let z(l) = 13*l + 114. Give z(-9).
-3
Let v(j) = 4*j**3 + j**2 - 5*j + 4. Determine v(1).
4
Let a(s) = 57*s - 3. Give a(1).
54
Let q(s) = s**3 + s**2 - 2. What is q(-3)?
-20
Let c(x) = x**2 + 81*x - 263. Determine c(3).
-11
Let k(d) = d + 1. Calculate k(3).
4
Let x(o) = -34*o + 58. Calculate x(3).
-44
Let p(n) = n**3 - 6*n**2 - 10*n - 8. Determine p(8).
40
Let n(a) = -a**3 + 12*a**2 - 25*a + 12. De